. Calculate the greatest common divisor of a and t.
14
Suppose 0 = 2*v - 24590 - 6182. Calculate the greatest common factor of v and 98.
98
Let b be 0 + (-18)/(-4) + (-702165)/(-30). Calculate the greatest common factor of 5 and b.
5
Let y = -2510 + 2706. Calculate the greatest common divisor of 364 and y.
28
Suppose 0 = -5*w - k + 48, -k + 118 = -3*w + 150. Let m(n) = 19*n - 6. Let x be m(4). Calculate the highest common divisor of w and x.
10
Let h = 104 + -73. Suppose 2*g = -5*d + h, -g - 2*d - 10 = -3*g. What is the highest common divisor of g and 584?
8
Suppose 25 = -2*i - 5*c, 2*c + 10 = -37*i + 34*i. Suppose -4*y - 4*g + 1080 = i, 4*g - 3*g - 4 = 0. Calculate the highest common divisor of y and 28.
14
Let y be (-1)/3 - (9 + (-340)/3). Suppose 40 = -577*c + 578*c. Calculate the greatest common divisor of c and y.
8
Let y = -2070 + 9270. Calculate the greatest common factor of y and 144.
144
Let d(j) = -523*j - 10959. Let o be d(-21). Suppose 3*f = 179 + 181. What is the greatest common divisor of o and f?
24
Let b be (-2)/(-7) - (220/(-14) - -9). Let c be (-13 - b)*(-4)/10. What is the highest common factor of 56 and c?
8
Suppose -1062*z + 224 = -1058*z. What is the greatest common divisor of z and 196?
28
Let c(y) = -y**3 + 19*y**2 + 44*y - 4. Let g be c(21). Calculate the greatest common factor of 779 and g.
19
Let j = -1068 - -1968. Let h be (-403)/(-15) + 120/j. Calculate the greatest common factor of 27 and h.
27
Let u = -11050 + 37034. What is the greatest common divisor of u and 203?
203
Suppose -5*h + 51 = -9. Suppose 0 = -3*y + j, -6 + 0 = -2*j. Let b be 896/28 - (-1 + (y - -2)). Calculate the greatest common factor of b and h.
6
Suppose 5*r - 4*u + 733 = 0, -u + 197 + 385 = -4*r. Let v = r - -169. Let w = -29 + 89. What is the greatest common divisor of w and v?
12
Let t be 274*(-4)/8*(-20)/20. Calculate the highest common divisor of 3425 and t.
137
Let c = -147 - -165. Suppose 0 = -5*m + 282 + c. What is the greatest common factor of m and 30?
30
Let s = -14 - -29. Suppose 190 = 13*w - 8*w. Let d = w + -35. What is the greatest common factor of s and d?
3
Let k(o) be the third derivative of -15*o**2 - 1/24*o**4 + 7/6*o**3 + 0 + 0*o. Let g be k(3). What is the greatest common factor of g and 44?
4
Let h = -184 - -205. Suppose 2*j - 5*u + 18 = 0, -9*j - 4*u + h = -4*j. Calculate the greatest common factor of j and 18.
1
Suppose -4*s = -5*v - 117, 2*s + s + 2*v - 105 = 0. Let q = -1338 + 1613. Calculate the greatest common divisor of s and q.
11
Let c be 111 + (-5 - 6/3 - 2). Calculate the greatest common divisor of 42 and c.
6
Let y(a) be the second derivative of -3*a**3/2 - 23*a**2/2 - 42*a + 2. Suppose -2*b - 35 = 3*b. Let d be y(b). What is the highest common divisor of d and 160?
40
Let o be 210/28*(-6)/(-5). Let z(j) = j**3 - 6*j**2 + 8*j. Let q be z(o). What is the highest common divisor of 45 and q?
45
Let t(r) = 9*r - 45 - 22*r**2 - 5*r**2 + 24*r**2 + r**3. Let d be t(6). Suppose -x = -8 - 5. What is the greatest common factor of x and d?
13
Let w be (29 + -29)*(-1 + 0). Suppose 2*y + 2*o - 528 = w, 219 = y - 5*o - 57. Calculate the highest common divisor of y and 42.
14
Let o(h) = h + 312. Let b be o(0). Let r be (-3)/((-328)/(-168) - 2). Suppose -r*i = -42*i - 819. Calculate the greatest common divisor of b and i.
39
Let q = 611 + -589. Calculate the highest common factor of 2992 and q.
22
Suppose 9*p - 798 - 640 + 1078 = 0. What is the highest common divisor of 152 and p?
8
Let p = 508 + -278. Let q = 1026 - 1006. What is the highest common divisor of p and q?
10
Suppose -224 = -4*l - 408. Let k be -4*l/14*(-1050)/(-300). Calculate the greatest common divisor of 713 and k.
23
Suppose 10*d - 8*d = 54. Suppose -5*j + 8*j - d = 0. Suppose -1 = 3*o + 2, o + 163 = 2*y. What is the greatest common factor of y and j?
9
Let b = -15932 - -15977. Let g(y) = y**3 - 14*y**2 + 2*y - 19. Let d be g(14). What is the highest common factor of b and d?
9
Suppose 421 = -3*l - 2*h - 813, -l = -4*h + 430. Let s be ((l/24)/(-23))/(1/56). What is the highest common factor of s and 42?
42
Suppose -2*z = -z + x - 41, 5*x - 88 = -2*z. Let l be (5/90*6)/(1/z). Calculate the greatest common divisor of 533 and l.
13
Let m(j) = 5*j + 45*j - 105 + 27*j + j. Let o be m(10). What is the highest common divisor of o and 27?
27
Let w = 5870 + -3840. What is the greatest common factor of 60 and w?
10
Let n(d) = -d**2 + 15*d - 52. Let s be n(0). Let w be ((-16)/2)/(6 + s/8). Calculate the highest common divisor of 4 and w.
4
Let v be (-2130)/(-8) + ((-245)/4)/49. Calculate the greatest common divisor of 115 and v.
5
Let t(g) = -255*g - 3488. Let m be t(-14). What is the highest common divisor of 9389 and m?
41
Suppose 0 = 1722*b - 1735*b - 39. Let f = -2 + 8. Let l be ((-14)/f - b) + (-92)/(-6). Calculate the greatest common divisor of l and 176.
16
Let b(d) = -d**2 + 9*d - 7. Let v be b(7). Let h be 12 + (29/v - 1/7). What is the greatest common factor of 20 and h?
4
Suppose 10922 = 4*l - 2*r, -3*l - 4*r + 1795 = -6369. Calculate the highest common factor of 8 and l.
8
Let v be 0 - (-5)/(5/6). Suppose -q = -3*o + 9 + 5, -3*q = 3*o + v. Let t = -327 + 360. Calculate the greatest common divisor of t and o.
3
Suppose -88 = -4*u + 4*h, -4*u + 85 - 29 = 4*h. Let a(w) = 85*w - 73. Let f be a(1). What is the highest common divisor of u and f?
6
Suppose -5507 = -2*t + o, 0 = t + 3*o + 1062 - 3791. What is the highest common divisor of t and 88?
22
Suppose -i + 1 + 15 = 0. Let g = 25 - 24. Let u be (g*-1)/(4/(-32)). Calculate the highest common divisor of i and u.
8
Let m(k) = 11*k. Let r be m(1). Let h = r + -7. Suppose -349*c = -693*c - 588*c + 5592. Calculate the highest common factor of c and h.
2
Suppose 19*j + 70 = 5*j. Let y(z) = -163*z - 48. Let d be y(j). What is the greatest common divisor of 59 and d?
59
Let m(b) = b**3 + 14*b**2 + 22*b + 9. Let i be m(-11). Let c(z) = -z**2 - 71*z - 350. Let q be c(-65). Calculate the highest common factor of q and i.
10
Let t = 122 + -122. Let r(m) = m**2 + 7*m - 6. Let g be r(-8). Suppose t*c - g*c = -16. Calculate the highest common divisor of 2 and c.
2
Suppose -12*c + 2*c + 102*c = 778228. Calculate the greatest common divisor of 11 and c.
11
Let t = -885 - -925. What is the greatest common divisor of 610 and t?
10
Suppose 13*w = 9 + 17. Suppose w*v - 40 = 56. Calculate the highest common factor of v and 336.
48
Suppose -4*c - 102*c = -17596. What is the highest common factor of c and 16?
2
Let c be (3 - 5) + 7/(21/132). Suppose 4634 = c*y - 6202. Calculate the greatest common factor of y and 6.
6
Let f = -185 + 183. Let s(x) = -176*x + 12. Let d be s(f). Calculate the highest common factor of d and 56.
28
Let t be (2 + (2 - 5))/(56/(-30800)). Let m(w) = w + 4. Let n be m(-5). Let p be 72/(-10)*n*t/20. Calculate the greatest common divisor of p and 22.
22
Let x be (-1)/1 + (-22 - -4 - -6). Let t be (3 + -1)/((-2)/x). Suppose 0 = t*k - 575 - 75. Calculate the greatest common factor of k and 10.
10
Suppose 3*c - 5*k = 2*c - 13, c - 2*k - 2 = 0. Let u be (-6)/((c/(-70))/3). Let g be 35/((-36)/9 - -5) - 0. What is the highest common divisor of u and g?
35
Let z = -19533 - -24272. What is the greatest common divisor of 21 and z?
7
Let l(r) = 24*r**2 + r - 2. Let a be l(1). Let i be -115*3/(-30)*14. Calculate the highest common factor of a and i.
23
Suppose -4*m + 92 = -0*m. Suppose 0 = -4*f + 21 + m. Suppose -f = 4*g - 5*g. What is the highest common divisor of 88 and g?
11
Suppose -181 = -k - 49. Suppose -r = 5 - k. Suppose 3*f - 5*c - r = 0, -f + c = -38 - 5. Calculate the greatest common divisor of 4 and f.
4
Suppose -3*t = -t - 140. Let j be (99/(-12))/3 + (-6)/(-8). Let v be j + (-160)/(-90) - (-254)/9. Calculate the highest common divisor of t and v.
14
Let q = 7 - 3. Suppose 4*p - w = 3*w + 228, -q*w = 4*p - 188. Suppose 366 + 388 = 58*c. Calculate the highest common divisor of c and p.
13
Suppose -181*j - 1 = -180*j. Let r be j - -3*16/6. Calculate the greatest common divisor of r and 14.
7
Suppose 4077 + 1995 = 11*w. Let y = w - 507. Suppose 77 + 13 = 5*k. Calculate the greatest common divisor of y and k.
9
Let u be 14/5*(2 - 2/(-4)). Suppose 0*d - u*d = 7. Let z be (d - 13)*-13*(-2)/(-4). Calculate the 